{"id":17531,"date":"2024-04-16T12:58:48","date_gmt":"2024-04-16T18:58:48","guid":{"rendered":"http:\/\/archresourcesgroup.com\/honesty\/?page_id=17531"},"modified":"2025-01-10T08:44:39","modified_gmt":"2025-01-10T14:44:39","slug":"denuncia-anonima","status":"publish","type":"page","link":"https:\/\/archresourcesgroup.com\/honesty\/denuncia-anonima\/","title":{"rendered":"Solicitud An\u00f3nima"},"content":{"rendered":"\t\t<div data-elementor-type=\"wp-page\" data-elementor-id=\"17531\" class=\"elementor elementor-17531\" data-elementor-post-type=\"page\">\n\t\t\t\t\t\t<section class=\"elementor-section elementor-top-section elementor-element elementor-element-3ea289c elementor-section-height-min-height elementor-section-boxed elementor-section-height-default elementor-section-items-middle\" data-id=\"3ea289c\" data-element_type=\"section\" data-e-type=\"section\">\n\t\t\t\t\t\t<div class=\"elementor-container elementor-column-gap-default\">\n\t\t\t\t\t<div class=\"elementor-column elementor-col-100 elementor-top-column elementor-element elementor-element-b560b79\" data-id=\"b560b79\" data-element_type=\"column\" data-e-type=\"column\">\n\t\t\t<div class=\"elementor-widget-wrap elementor-element-populated\">\n\t\t\t\t\t\t<div class=\"elementor-element elementor-element-d7aaa2e elementor-widget elementor-widget-heading\" data-id=\"d7aaa2e\" data-element_type=\"widget\" data-e-type=\"widget\" data-widget_type=\"heading.default\">\n\t\t\t\t<div class=\"elementor-widget-container\">\n\t\t\t\t\t<h2 class=\"elementor-heading-title elementor-size-default\">Solicitud An\u00f3nima<\/h2>\t\t\t\t<\/div>\n\t\t\t\t<\/div>\n\t\t\t\t<div class=\"elementor-element elementor-element-2651be2 elementor-widget elementor-widget-html\" data-id=\"2651be2\" data-element_type=\"widget\" data-e-type=\"widget\" data-widget_type=\"html.default\">\n\t\t\t\t<div class=\"elementor-widget-container\">\n\t\t\t\t\t<script>const showThisFieldIf = {\n  queja: {\n    plantear: [2],\n  },\n  denuncia: {\n    plantear: [3],\n  },\n  \n};\n\nfunction conditionalFormFieldFunc() {\n  function testLogic() {\n    for (const [conditionalInputID, condition] of Object.entries(showThisFieldIf)) {\n      const conditionalInput = setInputsElemArray(conditionalInputID);\n      let match = true;\n      for (const [conditionID, conditionValues] of Object.entries(condition)) {\n        const inputs = setInputsElemArray(conditionID);\n        const selectedInputs = [];\n        inputs.forEach((input, i) => {\n          if (input.checked) {\n            selectedInputs.push(i);\n          }\n        });\n        if (inputs[0].tagName === 'SELECT') {\n          selectedInputs.push(inputs[0].selectedIndex);\n        }\n        const adjustedConditionValues = conditionValues.map(e => e - 1);\n        if (!(adjustedConditionValues.every(condition => selectedInputs.indexOf(condition) > -1))) {\n          match = false;\n        }\n      }\n      if (match) {\n        conditionalInput.forEach(e => e.closest('.elementor-field-group').style.display = \"block\");\n      } else {\n        conditionalInput.forEach(e => e.closest('.elementor-field-group').style.display = \"none\");\n      }\n    }\n  }\n\n  function setInputsElemArray(ID) {\n    const selectors = `[name=\"form_fields[${ID}]\"]`;\n    let inputs = Array.from(document.querySelectorAll(selectors));\n    if (!inputs.length) {\n      inputs = Array.from(document.querySelectorAll(`[name=\"form_fields[${ID}][]\"]`));\n    }\n    return inputs;\n  }\n\n  testLogic();\n\n  \/* Add event listeners *\/\n  for (const [conditionalInputID, condition] of Object.entries(showThisFieldIf)) {\n    for (const [conditionID, conditionValues] of Object.entries(condition)) {\n      const inputs = setInputsElemArray(conditionID);\n      inputs.forEach(input => {\n        input.addEventListener('input', function () {\n          testLogic();\n        });\n      });\n    }\n  }\n}\n\ndocument.addEventListener('DOMContentLoaded', conditionalFormFieldFunc);\njQuery(document).on('elementor\/popup\/show', (event, id, instance) => {\n  conditionalFormFieldFunc();\n});\n\n\n<\/script>\t\t\t\t<\/div>\n\t\t\t\t<\/div>\n\t\t\t\t<div class=\"elementor-element elementor-element-14730e8 elementor-button-align-center elementor-widget elementor-widget-form\" data-id=\"14730e8\" data-element_type=\"widget\" data-e-type=\"widget\" data-settings=\"{&quot;step_next_label&quot;:&quot;Siguiente&quot;,&quot;step_previous_label&quot;:&quot;Anterior&quot;,&quot;button_width&quot;:&quot;100&quot;,&quot;step_type&quot;:&quot;number_text&quot;,&quot;step_icon_shape&quot;:&quot;circle&quot;}\" data-widget_type=\"form.default\">\n\t\t\t\t<div class=\"elementor-widget-container\">\n\t\t\t\t\t\t\t<form class=\"elementor-form\" method=\"post\" name=\"Denuncia con datos\" aria-label=\"Denuncia con datos\">\n\t\t\t<input type=\"hidden\" name=\"post_id\" value=\"17531\"\/>\n\t\t\t<input type=\"hidden\" name=\"form_id\" value=\"14730e8\"\/>\n\t\t\t<input type=\"hidden\" name=\"referer_title\" value=\"\" \/>\n\n\t\t\t\n\t\t\t<div class=\"elementor-form-fields-wrapper elementor-labels-above\">\n\t\t\t\t\t\t\t\t<div class=\"elementor-field-type-select elementor-field-group elementor-column elementor-field-group-plantear elementor-col-60 elementor-field-required\">\n\t\t\t\t\t\t\t\t\t\t\t\t<label for=\"form-field-plantear\" class=\"elementor-field-label\">\n\t\t\t\t\t\t\t\t\u00bfQu\u00e9 requieres plantear?\t\t\t\t\t\t\t<\/label>\n\t\t\t\t\t\t\t\t<div class=\"elementor-field elementor-select-wrapper remove-before \">\n\t\t\t<div class=\"select-caret-down-wrapper\">\n\t\t\t\t<i aria-hidden=\"true\" class=\"eicon-caret-down\"><\/i>\t\t\t<\/div>\n\t\t\t<select name=\"form_fields[plantear]\" id=\"form-field-plantear\" class=\"elementor-field-textual elementor-size-sm\" required=\"required\">\n\t\t\t\t\t\t\t\t\t<option value=\" \">Selecciona <\/option>\n\t\t\t\t\t\t\t\t\t<option value=\"Queja\">Queja<\/option>\n\t\t\t\t\t\t\t\t\t<option value=\"Denuncia\">Denuncia<\/option>\n\t\t\t\t\t\t\t<\/select>\n\t\t<\/div>\n\t\t\t\t\t\t<\/div>\n\t\t\t\t\t\t\t\t<div class=\"elementor-field-type-select elementor-field-group elementor-column elementor-field-group-field_b37e70b elementor-col-40 elementor-field-required\">\n\t\t\t\t\t\t\t\t\t\t\t\t<label for=\"form-field-field_b37e70b\" class=\"elementor-field-label\">\n\t\t\t\t\t\t\t\tPa\u00eds donde sucedi\u00f3 el incidente\t\t\t\t\t\t\t<\/label>\n\t\t\t\t\t\t\t\t<div class=\"elementor-field elementor-select-wrapper remove-before \">\n\t\t\t<div class=\"select-caret-down-wrapper\">\n\t\t\t\t<i aria-hidden=\"true\" class=\"eicon-caret-down\"><\/i>\t\t\t<\/div>\n\t\t\t<select name=\"form_fields[field_b37e70b]\" id=\"form-field-field_b37e70b\" class=\"elementor-field-textual elementor-size-sm\" required=\"required\">\n\t\t\t\t\t\t\t\t\t<option value=\"\">Selecciona <\/option>\n\t\t\t\t\t\t\t\t\t<option value=\"Canad\u00e1\">Canad\u00e1<\/option>\n\t\t\t\t\t\t\t\t\t<option value=\"U.S.A.\">U.S.A.<\/option>\n\t\t\t\t\t\t\t\t\t<option value=\"M\u00e9xico\">M\u00e9xico<\/option>\n\t\t\t\t\t\t\t\t\t<option value=\"Guatemala\">Guatemala<\/option>\n\t\t\t\t\t\t\t\t\t<option value=\"Honduras\">Honduras<\/option>\n\t\t\t\t\t\t\t\t\t<option value=\"El Salvador\">El Salvador<\/option>\n\t\t\t\t\t\t\t\t\t<option value=\"Nicaragua\">Nicaragua<\/option>\n\t\t\t\t\t\t\t\t\t<option value=\"Costa Rica\">Costa Rica<\/option>\n\t\t\t\t\t\t\t\t\t<option value=\"Panam\u00e1\">Panam\u00e1<\/option>\n\t\t\t\t\t\t\t\t\t<option value=\"Rep\u00fablica Dominicana\">Rep\u00fablica Dominicana<\/option>\n\t\t\t\t\t\t\t\t\t<option value=\"Per\u00fa\">Per\u00fa<\/option>\n\t\t\t\t\t\t\t\t\t<option value=\"Argentina\">Argentina<\/option>\n\t\t\t\t\t\t\t\t\t<option value=\"\"><\/option>\n\t\t\t\t\t\t\t<\/select>\n\t\t<\/div>\n\t\t\t\t\t\t<\/div>\n\t\t\t\t\t\t\t\t<div class=\"elementor-field-type-textarea elementor-field-group elementor-column elementor-field-group-queja elementor-col-100\">\n\t\t\t\t\t\t\t\t\t\t\t\t<label for=\"form-field-queja\" class=\"elementor-field-label\">\n\t\t\t\t\t\t\t\tQuieres exponer alguna situaci\u00f3n que te afect\u00f3 de alguna forma que tenga que ver con ARCH LATAM y\/o sus colaboradores\t\t\t\t\t\t\t<\/label>\n\t\t\t\t\t\t<textarea class=\"elementor-field-textual elementor-field  elementor-size-sm\" name=\"form_fields[queja]\" id=\"form-field-queja\" rows=\"6\" placeholder=\"INFORMACI\u00d3N DEL CASO, te pedimos por favor indicar todos los detalles relacionados al caso que planteas como por ejemplo: cliente al que est\u00e1s asignado (si eres empleado administrado), personas involucradas con nombres y apellidos, cargos laborales, situaci\u00f3n que detona esta consulta, fechas, lugares en caso de que lo tengas horas del evento o situaci\u00f3n.\"><\/textarea>\t\t\t\t<\/div>\n\t\t\t\t\t\t\t\t<div class=\"elementor-field-type-textarea elementor-field-group elementor-column elementor-field-group-denuncia elementor-col-100\">\n\t\t\t\t\t\t\t\t\t\t\t\t<label for=\"form-field-denuncia\" class=\"elementor-field-label\">\n\t\t\t\t\t\t\t\tQuieres exponer alguna cuesti\u00f3n de la que tienes conocimiento que puede estar infringiendo la ley (en cualquier materia), las pol\u00edticas internas de ARCH, las reglas de \u00e9tica en general, reglas contra lavado de dinero, corrupci\u00f3n, soborno, reglas de protecci\u00f3n del medio ambiente, sana competencia, informaci\u00f3n confidencial, protecci\u00f3n de datos personales, entre otros\t\t\t\t\t\t\t<\/label>\n\t\t\t\t\t\t<textarea class=\"elementor-field-textual elementor-field  elementor-size-sm\" name=\"form_fields[denuncia]\" id=\"form-field-denuncia\" rows=\"6\" placeholder=\"INFORMACI\u00d3N DEL CASO, te pedimos por favor indicar todos los detalles relacionados al caso que planteas como por ejemplo: cliente al que est\u00e1s asignado (si eres empleado administrado), personas involucradas con nombres y apellidos, cargos laborales, situaci\u00f3n que detona esta consulta, fechas, lugares en caso de que lo tengas horas del evento o situaci\u00f3n.\"><\/textarea>\t\t\t\t<\/div>\n\t\t\t\t\t\t\t\t<div class=\"elementor-field-type-html elementor-field-group elementor-column elementor-field-group-field_09a18f6 elementor-col-100\">\n\t\t\t\t\t<p><\/p>\t\t\t\t<\/div>\n\t\t\t\t\t\t\t\t<div class=\"elementor-field-type-recaptcha_v3 elementor-field-group elementor-column elementor-field-group-field_8a2275b elementor-col-100 recaptcha_v3-bottomright\">\n\t\t\t\t\t<div class=\"elementor-field\" id=\"form-field-field_8a2275b\"><div class=\"elementor-g-recaptcha\" data-sitekey=\"6Lf084wqAAAAAAHJ8els2IDZCAPFnKTMRewiTYkq\" data-type=\"v3\" data-action=\"Form\" data-badge=\"bottomright\" data-size=\"invisible\"><\/div><\/div>\t\t\t\t<\/div>\n\t\t\t\t\t\t\t\t<div class=\"elementor-field-group elementor-column elementor-field-type-submit elementor-col-100 e-form__buttons\">\n\t\t\t\t\t<button class=\"elementor-button elementor-size-sm\" type=\"submit\">\n\t\t\t\t\t\t<span class=\"elementor-button-content-wrapper\">\n\t\t\t\t\t\t\t\t\t\t\t\t\t\t\t\t\t\t\t\t\t\t<span class=\"elementor-button-text\">Enviar<\/span>\n\t\t\t\t\t\t\t\t\t\t\t\t\t<\/span>\n\t\t\t\t\t<\/button>\n\t\t\t\t<\/div>\n\t\t\t<\/div>\n\t\t<\/form>\n\t\t\t\t\t\t<\/div>\n\t\t\t\t<\/div>\n\t\t\t\t\t<\/div>\n\t\t<\/div>\n\t\t\t\t\t<\/div>\n\t\t<\/section>\n\t\t\t\t<\/div>\n\t\t","protected":false},"excerpt":{"rendered":"<p>Solicitud An\u00f3nima<\/p>\n","protected":false},"author":1,"featured_media":0,"parent":0,"menu_order":0,"comment_status":"closed","ping_status":"closed","template":"","meta":{"_coblocks_attr":"","_coblocks_dimensions":"","_coblocks_responsive_height":"","_coblocks_accordion_ie_support":"","inline_featured_image":false,"footnotes":""},"class_list":["post-17531","page","type-page","status-publish","hentry"],"_links":{"self":[{"href":"https:\/\/archresourcesgroup.com\/honesty\/wp-json\/wp\/v2\/pages\/17531","targetHints":{"allow":["GET"]}}],"collection":[{"href":"https:\/\/archresourcesgroup.com\/honesty\/wp-json\/wp\/v2\/pages"}],"about":[{"href":"https:\/\/archresourcesgroup.com\/honesty\/wp-json\/wp\/v2\/types\/page"}],"author":[{"embeddable":true,"href":"https:\/\/archresourcesgroup.com\/honesty\/wp-json\/wp\/v2\/users\/1"}],"replies":[{"embeddable":true,"href":"https:\/\/archresourcesgroup.com\/honesty\/wp-json\/wp\/v2\/comments?post=17531"}],"version-history":[{"count":35,"href":"https:\/\/archresourcesgroup.com\/honesty\/wp-json\/wp\/v2\/pages\/17531\/revisions"}],"predecessor-version":[{"id":17952,"href":"https:\/\/archresourcesgroup.com\/honesty\/wp-json\/wp\/v2\/pages\/17531\/revisions\/17952"}],"wp:attachment":[{"href":"https:\/\/archresourcesgroup.com\/honesty\/wp-json\/wp\/v2\/media?parent=17531"}],"curies":[{"name":"wp","href":"https:\/\/api.w.org\/{rel}","templated":true}]}}